253. Suppose -2*i = 5*i - u. Suppose -5*y + 327 = -223. What is the highest common factor of i and y?
22
Suppose 0 = 453*v - 447*v - 468. What is the greatest common factor of v and 12?
6
Suppose 4*n + 79 = 139. What is the greatest common divisor of 105 and n?
15
Let i(v) = -v**2 - 5*v + 12. Let b be i(-10). Let w = b - -56. Calculate the highest common factor of w and 54.
18
Let a be (66/4)/(7 - (-91)/(-14)). Let m = a - 3. What is the highest common divisor of m and 90?
30
Let h be (150/4)/(15/20). Let o = -70 - -163. Let r = o + -18. Calculate the greatest common factor of h and r.
25
Let s be ((1 - -10) + 0)*(-187)/(-11). Calculate the highest common divisor of 136 and s.
17
Suppose f = -2*f - 12. Let a be (-483)/f + (-2)/(-8). Let p(c) = -c**3 - 3*c**2 - 7*c - 10. Let r be p(-3). What is the greatest common factor of a and r?
11
Suppose -4*b = -3*b - 16. Let v be (-4 + -1)*4/(-10). Calculate the greatest common divisor of v and b.
2
Let y(d) = d + 11. Let x = 10 - 7. Let m be x/7 - 18/42. Let j be y(m). What is the greatest common divisor of 11 and j?
11
Suppose 2*f - 4*j = 676, -2*f + 360 + 314 = -5*j. Calculate the greatest common factor of f and 90.
18
Suppose -21*s - 255 + 1158 = 0. What is the greatest common divisor of 86 and s?
43
Let s = -13 + 15. Let l be 384/4*(s - 1). What is the highest common factor of 64 and l?
32
Let w be -1 - (-18)/14 - 166/(-7). Let q be 6/w - -119*2/8. What is the highest common divisor of 150 and q?
30
Let l(u) = -18*u + 88. Let w be l(0). Calculate the greatest common divisor of 40 and w.
8
Suppose 7*y - 12 = 3*y, 0 = -4*c - 5*y + 55. Let u = 7 + -18. Let m be c*(u/5 - -3). Calculate the greatest common divisor of m and 8.
8
Let v be (-4 - -9) + (-357)/(-7). Calculate the greatest common divisor of 14 and v.
14
Suppose 2*x - 410 = -3*g, -5*x - 539 = 12*g - 16*g. What is the greatest common factor of g and 24?
8
Let n(d) = 9*d - 3*d + 12*d + 5 + 2*d. Let o be n(3). Let h(p) = -7*p - 2. Let t be h(-4). What is the greatest common factor of o and t?
13
Suppose 0 = -4*c - 5*r + 28, -3*c + 2 = -4*r + 3*r. Suppose -5*b = -v + 6, 0 = -0*b + 4*b + 4. Calculate the highest common factor of v and c.
1
Suppose 4*b = -4*l + 373 + 71, 0 = 5*b - 2*l - 548. Calculate the greatest common factor of 10 and b.
10
Suppose z = -0*z + 41. Let p = 55 - z. Calculate the greatest common factor of 112 and p.
14
Let u be (874/57 + -16)/((-2)/108). Calculate the greatest common divisor of u and 396.
36
Let a(r) = 11*r**2 - 34*r + 8. Let g be a(4). What is the highest common divisor of 6 and g?
6
Let c = -40 - -46. Suppose 3*q - 51 = 21. What is the highest common divisor of q and c?
6
Let f(p) = 20*p + 119. Let x be f(-5). Calculate the greatest common factor of 209 and x.
19
Suppose 0 = -8*h + 115 + 461. Calculate the highest common divisor of h and 396.
36
Suppose 0 = 3*v + r - 10, -2*r = -5*r - 6. Suppose -v*u - 9 = 3, 144 = 3*c - 4*u. What is the greatest common factor of c and 4?
4
Let x = -348 - -372. Calculate the greatest common divisor of x and 108.
12
Let p(s) = 2*s**3 - 3*s**2 - 8*s - 2. Let z be p(4). What is the highest common factor of 138 and z?
46
Suppose -b = s - 5*s + 44, -3*s + 111 = -4*b. Let m = 17 + b. Let h be 1/((14/(-48))/m). What is the highest common divisor of h and 60?
12
Let y(a) be the third derivative of -a**6/120 - 7*a**5/20 + 7*a**4/8 - a**3/3 + 7*a**2. Let b be y(-22). What is the highest common divisor of b and 180?
20
Let t be ((-3)/4)/((-1)/4). Suppose -2 = -o + t*o, 2*o = 4*v - 2. Let c = 28 - v. Calculate the highest common factor of 224 and c.
28
Let v = 318 + -285. What is the greatest common divisor of v and 44?
11
Suppose 14*n - 38 = 12*n. Calculate the highest common factor of 38 and n.
19
Suppose 3*n = -3*y + 255, -2*n - 268 + 38 = -3*y. Calculate the greatest common factor of y and 16.
16
Let p be 7050/70 + 4/14. Suppose -27 = -j - 2*m + p, 0 = -5*j - 3*m + 654. Calculate the highest common divisor of j and 12.
12
Let k(z) = -z + 41. Let r be k(26). Calculate the greatest common factor of 6 and r.
3
Let k be (-43)/(-1) - 10/(-190)*-19. Let h be (4/5)/(2/35). Calculate the highest common factor of h and k.
14
Let a be (-3 - (-2)/1)*-26. Let v(g) = 38*g**2 + g. Let p be v(1). What is the greatest common factor of p and a?
13
Let b(q) = q**2 + 3*q - 3. Let r be b(3). Suppose -4*u = 54 - 534. Calculate the greatest common divisor of u and r.
15
Let f be (-7)/(-1) - ((-738 - -9) + 10). Calculate the highest common factor of 66 and f.
66
Let f = 79 + -42. Let l(t) = -5*t**3 + 2*t**2 - t - 13. Let n be l(-2). Calculate the greatest common factor of n and f.
37
Let g be (564/(-1))/((-4)/6). Suppose -9*h - 252 = -g. What is the greatest common factor of h and 6?
6
Let t = -8 + 22. Suppose 62 = -3*q + 29. Let s = t + q. Calculate the highest common divisor of 21 and s.
3
Suppose -1 = 8*s - 209. Let w = s + -22. What is the highest common divisor of 28 and w?
4
Let t(r) = r**2 - 15*r + 17. Let d = 10 - -2. Let p be t(d). Let j = 27 + p. Calculate the greatest common divisor of 24 and j.
8
Let m(y) = -y**2 + 21*y - 48. Let t be m(4). Calculate the greatest common divisor of t and 16.
4
Let l be (-4*(-8)/(-48))/(3/(-594)). Let q be (-4)/(-4*1) + 11. What is the greatest common factor of q and l?
12
Let i = -151 - -166. Calculate the greatest common factor of 111 and i.
3
Suppose 2*f = 5 + 35. Suppose -i = 5*i - 240. Suppose -6*q + 20 = -i. Calculate the greatest common divisor of f and q.
10
Let d = 1938 - 1836. Calculate the highest common factor of d and 459.
51
Suppose 4*q - 126 = -5*q. Calculate the greatest common divisor of 266 and q.
14
Let k be 18/27 - (2 + (-596)/6). Suppose -4*i - 6 + k = 0. What is the greatest common divisor of i and 230?
23
Let i be (-3)/(-2) - 9009/(-42). What is the highest common factor of i and 56?
8
Let x = 1037 - 855. Calculate the highest common factor of 130 and x.
26
Let h be -3*2/(-48) - 30771/(-104). Calculate the greatest common divisor of h and 4.
4
Let f(a) = -3 + 3 - 14 + 9*a + 27*a**2 - 28*a**2. Let g be f(6). Calculate the greatest common factor of 44 and g.
4
Let t be (-3685)/(-110)*(1 + 3). Calculate the greatest common factor of t and 335.
67
Let a = 1252 - 787. What is the highest common divisor of a and 155?
155
Suppose a - 230 = 43. Let u = 827 - 788. Calculate the highest common factor of u and a.
39
Let u be 13*(0 + 1/1). Let y = u + 4. Suppose -15 = 5*f, -5*t - 2*f = 2*f - 243. Calculate the greatest common factor of t and y.
17
Suppose g - 4*g = -6. Suppose 89 = 3*h + u, 2*h - 3*h - g*u + 38 = 0. Let b = -1 + 8. What is the highest common divisor of b and h?
7
Let m be 15 + 2 + 2/(-1). Suppose 1192 + 173 = 7*i. Calculate the highest common divisor of i and m.
15
Let b = 19 - 11. Suppose 6*j + 9 = x + j, -x + 4*j + b = 0. Calculate the greatest common factor of 20 and x.
4
Let f(w) = -11*w + 86. Let o be f(-3). What is the greatest common divisor of 34 and o?
17
Suppose 0 = 5*d - 90 - 40. Let l = 149 - 35. Suppose -146 = -4*p + l. Calculate the greatest common factor of d and p.
13
Suppose t = 10 - 23. Let l = 35 + t. What is the greatest common factor of 2 and l?
2
Let s(q) = -7*q + 12. Let h be s(1). Let f be ((-3)/6)/(1/(-4)). Calculate the greatest common divisor of h and f.
1
Suppose r = -2*r - 72. Let k = r + 40. Suppose t - 114 = -0*t - 2*u, -5*u - 443 = -4*t. Calculate the greatest common factor of k and t.
16
Let f(v) = -v + 23. Let u be f(12). Suppose -u*j = -14*j. Let l be -7 + 7 - (-10 - j). What is the highest common factor of l and 50?
10
Let y be (13/2)/(30/540). What is the greatest common divisor of y and 104?
13
Let g be (((-64)/20)/(2/(-45)))/1. Let n = g + -36. What is the greatest common factor of n and 4?
4
Let f(k) = -2*k - 17. Let u be f(-9). Suppose 0 = 3*l - 5*j + 14, 5*l + 3*j = 33 - 11. Calculate the greatest common factor of u and l.
1
Let r = 136 - 73. Suppose -45 = -2*u - 3*u. Calculate the highest common divisor of u and r.
9
Let x be 2/(0 + -1 + (-7)/(-6)). What is the greatest common factor of 156 and x?
12
Suppose -2*s = -s - 20. Suppose y + 3*a = 50, -y - s = -2*y + 3*a. Suppose 0 = -2*q - q + 21. What is the highest common divisor of q and y?
7
Let g be 2*((-3)/6 + -2). Let c be 6 - (6 + 12/(-4)) - 